 12. List the prime factors of r.
2, 3
Let m(q) = 4*q + 2. Let s be m(2). Suppose -2*l - s = -14. Suppose 0 = i, 0 = l*n + i - 13 - 7. List the prime factors of n.
2, 5
Let b(w) = w**2 + 7*w - 13. Let y be b(-13). Let n = -13 + y. What are the prime factors of n?
2, 13
Suppose 3*v = 4*j + v - 5686, 4*j - 5689 = 3*v. What are the prime factors of j?
2, 5, 71
Suppose -2*n + 5 + 31 = 5*m, -2*n = -m. Suppose -11*z - 300 = -80. What are the prime factors of -1 - z/(m + -2)?
2
Let x(j) = -j**2 + 7*j + 3. Suppose -3*z - 5*i - 308 = 0, -2*z - 3*i = -6*i + 180. Let m be 2/3 + z/(-18). What are the prime factors of x(m)?
3
Let d(i) = i - 1. Let g(s) = 18*s - 15. Let a(y) = -15*d(y) + g(y). Let u(q) = q**3 - 8*q**2 + 8*q - 6. Let j be u(7). List the prime factors of a(j).
3
Let u(m) = 2*m**2 - m + 1. Let w(c) = 2*c**2 + 2. Let o(q) = 4*u(q) - 3*w(q). List the prime factors of o(5).
2, 7
Let z(x) = x**2 + 4*x + 1. Let c be z(-5). Let w(q) = -q**3 + 4*q**2 + 10*q + 12. Let i be w(c). Suppose 0*t - 4*t + 208 = i. What are the prime factors of t?
2, 13
Let t(y) = y**2 - 23*y - 16. Let o be t(23). List the prime factors of (-4)/(o/180) - -1.
2, 23
Let z(r) = r**2 + r + 3. Let f be z(-4). Suppose 2*w - f = 5*k, 3*w + w + 4*k = 16. List the prime factors of w.
5
What are the prime factors of (4/10 + (-9905)/75)*-3?
5, 79
Let m = -19 + 19. Suppose 473 = -4*p + 8*p - w, p - 4*w - 107 = m. Let d = p - 71. What are the prime factors of d?
2, 3
Let i(a) = -256*a**2 + 2 - 2*a + 9*a**3 + 3*a + 254*a**2 - 2*a. List the prime factors of i(1).
2
Suppose -i = -4*m - 1569, 4*i - 22*m + 20*m - 6346 = 0. List the prime factors of i.
7, 227
Suppose 1513 = -11*g + 12*g. List the prime factors of g.
17, 89
Suppose 4*p = -p - 40. Let b be p/(-20) + 16/10. Suppose 67 - 5 = b*g. What are the prime factors of g?
31
Let v(d) be the second derivative of -d**3/6 + 6*d**2 + 34*d. What are the prime factors of v(-8)?
2, 5
Let l(a) = 2 + a - 4 - a - 2*a. Let f be l(5). Let q = 17 + f. List the prime factors of q.
5
Let s(j) = -13*j**3 + 7*j**2 + j + 4. What are the prime factors of s(-3)?
5, 83
Let m = -22 - -28. Suppose m*q + 6 = 144. Suppose q = -f + 66. What are the prime factors of f?
43
Let v be -1*(-8)/2 + -1. Let c be 5/v - 14/(-42). List the prime factors of (27/12)/(c/16).
2, 3
Suppose 44 - 8 = -z. List the prime factors of -2 - (z + 2 + 2).
2, 3, 5
Let g(z) = z**2 + z - 1. Let b(a) = 4*a**2 + 3*a - 5. Let o(w) = b(w) - 3*g(w). Suppose -h - 3 + 8 = 0. What are the prime factors of o(h)?
23
Let p be 73/(-1 + 0 - -2). Let v(n) = -4*n + 162. Let r be v(28). Let j = p - r. What are the prime factors of j?
23
Let o(y) = -3*y + 0 - 5 - 2 + 0. Let f be o(-3). Suppose r + 0*j = -5*j + 11, f*j + 66 = 4*r. List the prime factors of r.
2
Let c(y) = -y**3 - 12*y**2 - 6*y - 15. Let l be -1*142/12 - (-2)/(-12). List the prime factors of c(l).
3, 19
Suppose -10*j = 3844 - 15984. List the prime factors of j.
2, 607
Let g be 16*((-46)/(-24) - (-2)/6). Let u = 68 - g. List the prime factors of u.
2
Suppose 13*o - 56758 = -16237. List the prime factors of o.
3, 1039
Suppose 0 = 3*q - 4 - 5. Suppose -5*o + t = -13, q*o + 0*o - 2*t - 5 = 0. Suppose 12 = 4*n, -126 = -o*j - 8*n + 3*n. List the prime factors of j.
37
Let k(l) = -2*l + 5. Let d be k(2). Let c be 3/((4 - 2) + d). What are the prime factors of (14/(-21))/(c/(-6))?
2
Let x(i) = -i**3 - 7*i**2 + 9*i + 18. Let h be x(-8). Suppose h*c - 1572 = 68. List the prime factors of c.
2, 41
Let s = 1293 + -394. What are the prime factors of s?
29, 31
Let m(t) = 10*t - 2. Let v be m(2). Let w be ((-8)/v)/(20/(-90)). Let a = w - -28. List the prime factors of a.
2, 3, 5
Let b be 3/(6 + -3)*(-128 + -2). Let l = 219 + b. What are the prime factors of l?
89
Suppose -1884 + 8556 = 4*y. What are the prime factors of y?
2, 3, 139
Let j be ((-18)/3 - 9/(-3)) + 5. Suppose 0 = z - 2, 2*c + j*c - 2*z - 116 = 0. What are the prime factors of c?
2, 3, 5
Let d(g) = -g**3 + 10*g**2 + g + 1. Let y be d(10). Suppose -13*j + 120 = -y*j. What are the prime factors of j?
2, 3, 5
Let q be ((-8)/(-6))/(2/(-12)). Let l be -3 - (7 + -4 + q). Suppose -4*o = -l*o - 42. What are the prime factors of o?
3, 7
Let g(a) be the third derivative of a**2 - 1/24*a**4 + 0*a + 0 - 1/3*a**3. List the prime factors of g(-7).
5
Let x(c) = 8*c**2 - 11*c - 13. List the prime factors of x(-7).
2, 3, 19
Let z(m) = -51*m - 1. Let r be z(1). Let u = 154 + r. What are the prime factors of u?
2, 3, 17
Suppose -13754 = -17*r - 6*r. List the prime factors of r.
2, 13, 23
Let l = 509 + 1024. List the prime factors of l.
3, 7, 73
What are the prime factors of (-17)/((-1309)/352520) + (-8)/44?
2, 3, 7, 109
Let c = -7 - -16. Let g be (-36)/c*(-2)/4. Suppose -3*x + 3*o = -42, o + 46 = g*x + x. What are the prime factors of x?
2
Let c = -1 - -4. Let y(v) = 4 - 47*v - 4 + c. List the prime factors of y(-1).
2, 5
Suppose 4*b - 6*b - 8 = 0, 4*y - 5*b - 3188 = 0. List the prime factors of y.
2, 3, 11
Let o(l) = 2*l**3 - l**2 - l. Let q be o(-1). List the prime factors of 0 - (-2)/4 - 115/q.
2, 29
Let y = -39 - -39. Suppose 2 = -2*b - y*b, 4*a - 5*b = 681. List the prime factors of a.
13
Suppose 0 = 3*l + 5*t - 553, t + t = -2*l + 362. Let k = l - 76. List the prime factors of k.
2, 5
Let w = 52 - 76. Let k be (w/(-14))/(11/77). What are the prime factors of k/8*(3 + 5)?
2, 3
What are the prime factors of 24/28*7 + -2 - -1073?
3, 359
Let w be 5/3 - 10/15. What are the prime factors of -1 + 198 - 3/w?
2, 97
Let z = -294 - -788. What are the prime factors of z?
2, 13, 19
Suppose -12 = 6*h - 10*h. Suppose -h*z + 0*z = -q + 2, 5*z - 4 = -2*q. Suppose -q*p - 32 = -4*p. What are the prime factors of p?
2
Suppose -7*t - 12 = 44. Let q be 4 - 4/t*-6. Suppose 4*s + q - 89 = 0. List the prime factors of s.
2, 11
Let h(k) = k - 14. Let v be h(5). Let w be (-59)/(-3*(-1)/v). Let u = -121 + w. List the prime factors of u.
2, 7
Suppose 0 = -m + 5*a + 465 - 40, 5*a - 895 = -2*m. List the prime factors of m.
2, 5, 11
Suppose 6*i - 3*i = 735. Suppose -5*t = 5*r - i, 0 = t + 5*r - 40 - 29. List the prime factors of t.
2, 11
Suppose 7*k - 6487 = -6*k. List the prime factors of k.
499
Suppose 175 = -4*n + 35. Let a be (-872)/(-14) - (-10)/n. Suppose 2*t - 2*u = 2 + 30, -2*t - 4*u = -a. List the prime factors of t.
3, 7
Let k be 2 - ((-3 - 1) + -1 + 3). What are the prime factors of 3/k*6/(-9)*-186?
3, 31
Let x(y) = -35*y - 197. What are the prime factors of x(-64)?
3, 227
Let n(u) be the second derivative of u**4/12 + 4*u**3/3 - 12*u**2 - 19*u. What are the prime factors of n(-19)?
5, 37
Let k(h) = -10*h. Let c be k(-3). Let n be (-1)/(0 - -1) - c. Let l = n - -50. What are the prime factors of l?
19
Let f = 1094 - -145. What are the prime factors of f?
3, 7, 59
Let v be ((-24)/16)/(((-3)/(-426))/(-1)). Let j = 353 - v. List the prime factors of j.
2, 5, 7
Let g be (10 + -9)/((-2)/12). Let q(r) = 2*r + 13. Let t be q(g). List the prime factors of 27 + -10 + t*-2.
3, 5
Let x be (-11 - -10)/(1/(-4)). Suppose 36 = -4*a + 4*c, x*a - c = -4*c - 1. List the prime factors of a/(-6) - 37/(-3).
13
Suppose -35*d + 30*d = -270. Suppose -52 = -t + d. What are the prime factors of t?
2, 53
Let y(w) be the third derivative of w**5/30 - w**4/8 + 2*w**2. Let i be y(2). Suppose -5*c - 61 - 39 = -5*t, 0 = -4*t - i*c + 62. List the prime factors of t.
17
Suppose -3*w + 52 = 241. Let i = w - -257. What are the prime factors of i?
2, 97
Let u(f) = -33*f + 2. Let p be u(3). Let i = -66 - p. List the prime factors of i.
31
Let m = 41 + -36. Suppose -3*s - 5*c = -8 - 21, 5*s - m*c + 5 = 0. List the prime factors of s.
3
Let d(a) = 3*a - 8. Let x be d(-5). Let i = x + 28. List the prime factors of i.
5
Let q = 1538 - -430. What are the prime factors of q?
2, 3, 41
Let j = 670 + -56. What are the prime factors of j?
2, 307
Let j = 1545 + -23. List the prime factors of j.
2, 761
Suppose -3*b = -0*b - 348. Let w = b + -65. List the prime factors of w.
3, 17
List the prime factors of 7/140*4 - 19478/(-10).
2, 487
Let x = -19 + 462. What are the prime factors of x?
443
Suppose 0 = -28*o - 39*o + 5561. List the prime factors of o.
83
Suppose 2 = 2*b + 4*l, -5*b + 40 - 13 = -l. Suppose -495 = -5*g + b*y, -3*g + 4*g - 83 = -3*y. List the prime factors of g.
5